inder when 360706 is divided by 2240.
66
Calculate the remainder when 24029598 is divided by 2184507.
21
What is the remainder when 1195914 is divided by 5987?
4501
Calculate the remainder when 18301063 is divided by 19.
16
What is the remainder when 296070034 is divided by 3?
1
What is the remainder when 187635 is divided by 1285?
25
Calculate the remainder when 437353 is divided by 402.
379
What is the remainder when 4118992 is divided by 4729?
33
What is the remainder when 128652 is divided by 990?
942
Calculate the remainder when 14839 is divided by 4929.
52
What is the remainder when 1177785 is divided by 2937?
48
What is the remainder when 45181109 is divided by 9036204?
89
Calculate the remainder when 118452 is divided by 1787.
510
What is the remainder when 292235 is divided by 98?
97
What is the remainder when 341023 is divided by 5081?
596
What is the remainder when 10702542 is divided by 526?
20
Calculate the remainder when 4032917 is divided by 1344279.
80
Calculate the remainder when 17169 is divided by 5621.
306
Calculate the remainder when 167676 is divided by 167660.
16
What is the remainder when 415227 is divided by 83035?
52
What is the remainder when 3986 is divided by 1412?
1162
What is the remainder when 2021896 is divided by 4769?
4609
What is the remainder when 15026 is divided by 14605?
421
What is the remainder when 81393 is divided by 495?
213
Calculate the remainder when 32685 is divided by 16301.
83
Calculate the remainder when 142245 is divided by 71075.
95
What is the remainder when 46569797 is divided by 20?
17
What is the remainder when 3411485 is divided by 9861?
9440
What is the remainder when 5656253 is divided by 434?
365
Calculate the remainder when 14693 is divided by 255.
158
Calculate the remainder when 31698 is divided by 1697.
1152
What is the remainder when 26986 is divided by 8931?
193
Calculate the remainder when 716858 is divided by 1330.
1318
What is the remainder when 68168495 is divided by 1164?
1163
Calculate the remainder when 1121046 is divided by 280192.
278
What is the remainder when 2273258 is divided by 3101?
225
Calculate the remainder when 16323846 is divided by 1813760.
6
What is the remainder when 11050046 is divided by 2035?
2031
What is the remainder when 37084202 is divided by 76?
2
What is the remainder when 418731 is divided by 69764?
147
What is the remainder when 28348 is divided by 576?
124
What is the remainder when 532869 is divided by 570?
489
What is the remainder when 4663995 is divided by 4663989?
6
Calculate the remainder when 15910696 is divided by 6096.
136
Calculate the remainder when 40547 is divided by 1537.
585
What is the remainder when 9343160 is divided by 300?
260
Calculate the remainder when 6774567 is divided by 10218.
33
What is the remainder when 344668 is divided by 3314?
12
What is the remainder when 254639 is divided by 450?
389
Calculate the remainder when 56064 is divided by 226.
16
What is the remainder when 204041 is divided by 319?
200
Calculate the remainder when 4455027 is divided by 340.
7
Calculate the remainder when 5917720 is divided by 2293.
1780
Calculate the remainder when 160715 is divided by 29.
26
What is the remainder when 355845 is divided by 355551?
294
Calculate the remainder when 1083735 is divided by 51.
36
What is the remainder when 794091 is divided by 25?
16
Calculate the remainder when 1957591 is divided by 325236.
6175
What is the remainder when 17477967 is divided by 1706?
1703
What is the remainder when 14701141 is divided by 290?
171
What is the remainder when 3016738 is divided by 549?
532
Calculate the remainder when 7252124 is divided by 129502.
12
What is the remainder when 1074982 is divided by 241?
122
Calculate the remainder when 185402 is divided by 648.
74
Calculate the remainder when 213751 is divided by 219.
7
What is the remainder when 166714875 is divided by 3594?
3591
What is the remainder when 20967268 is divided by 723009?
7
What is the remainder when 52989 is divided by 3067?
850
What is the remainder when 1334281440 is divided by 9557?
9556
What is the remainder when 2132627 is divided by 27339?
185
What is the remainder when 9861012 is divided by 9860995?
17
What is the remainder when 1227181407 is divided by 546?
543
What is the remainder when 7762893 is divided by 820?
773
What is the remainder when 124444738 is divided by 103188?
10
What is the remainder when 2759644 is divided by 87?
4
Calculate the remainder when 976159 is divided by 356.
7
Calculate the remainder when 124371894 is divided by 1062.
12
Calculate the remainder when 9431 is divided by 2409.
2204
Calculate the remainder when 9554006 is divided by 7216.
22
Calculate the remainder when 2857024 is divided by 476167.
22
Calculate the remainder when 22365498 is divided by 4473091.
43
Calculate the remainder when 8119746 is divided by 66.
30
What is the remainder when 6037026 is divided by 256?
34
What is the remainder when 32989601 is divided by 3095?
3091
What is the remainder when 162892 is divided by 18090?
82
Calculate the remainder when 1496087983 is divided by 5744.
5743
Calculate the remainder when 3410857 is divided by 852710.
17
Calculate the remainder when 2618448 is divided by 23379.
0
What is the remainder when 70034917 is divided by 7781656?
13
What is the remainder when 63180 is divided by 15560?
940
What is the remainder when 21766890 is divided by 457?
437
Calculate the remainder when 7709760 is divided by 57.
54
What is the remainder when 3343205 is divided by 1061?
1055
What is the remainder when 5827931 is divided by 3?
2
Calculate the remainder when 1016611630 is divided by 762.
760
Calculate the remainder when 2201495695 is divided by 123.
121
What is the remainder when 9137678 is divided by 1194?
1190
Calculate the remainder when 67031999 is divided by 285.
284
What is the remainder when 211368 is divided by 70453?
9
What is the remainder when 673544 is divided by 21047?
40
Calculate the remainder when 468907 is divided by 39070.
67
What is the remainder when 104440 is divided by 10?
0
Calculate the remainder when 95391 is divided by 2867.
780
What is the remainder when 42710 is divided by 1779?
14
What is the remainder when 114212 is divided by 1271?
1093
Calculate the remainder when 3087350 is divided by 76.
2
What is the remainder when 14457 is divided by 750?
207
Calculate the remainder when 59491 is divided by 29093.
1305
Calculate the remainder when 6542573 is divided by 11725.
23
What is the remainder when 32753698 is divided by 1050?
1048
Calculate the remainder when 178339 is divided by 1314.
949
What is the remainder when 6679702 is divided by 253?
249
Calculate the remainder when 330598 is divided by 534.
52
Calculate the remainder when 293635989 is divided by 706.
705
Calculate the remainder when 25791 is divided by 24984.
807
Calculate the remainder when 15274250 is divided by 906.
902
What is the remainder when 1451518 is divided by 1728?
1726
What is the remainder when 1128683 is divided by 376171?
170
Calculate the remainder when 192505 is divided by 31567.
3103
Calculate the remainder when 91934379 is divided by 1576.
1571
Calculate the remainder when 2007427 is divided by 501680.
707
What is the remainder when 7185822 is divided by 149?
148
What is the remainder when 1478844 is divided by 3229?
3191
Calculate the remainder when 1173263 is divided by 585731.
1801
What is the remainder when 92692835 is divided by 1626190?
5
What is the remainder when 69169318 is divided by 71?
53
What is the remainder when 9576 is divided by 5479?
4097
Calculate the remainder when 350239 is divided by 116687.
178
Calculate the remainder when 1468784 is divided by 900.
884
Calculate the remainder when 10554865 is divided by 959531.
24
What is the remainder when 30786403 is divided by 629?
627
Calculate the remainder when 1797773 is divided by 3532.
3517
Calculate the remainder when 216124 is divided by 53901.
520
Calculate the remainder when 3993735 is divided by 192.
135
What is the remainder when 7677193 is divided by 73819?
17
Calculate the remainder when 18125 is divided by 216.
197
What is the remainder when 2271547 is divided by 332?
3
What is the remainder when 384055199 is divided by 676?
671
Calculate the re